e hundreds digit of p?
2
Suppose 2*u = 5*d - 4281, -6*u + 52 = 10. What is the units digit of d?
9
Let r = -5814 + 6800. What is the hundreds digit of r?
9
Suppose -194*o + 196*o + 15508 = 5*s, -2*o + 15492 = 5*s. What is the hundreds digit of s?
1
Let i = -303 - -589. Let c = i + -145. What is the units digit of c?
1
Let z(m) = -7*m - 4*m**2 - 15 + 9*m**2 + 3 + m**2. Let f be z(5). Suppose f = 3*y - 113. What is the tens digit of y?
7
Suppose -41*l + 194817 = -31790. What is the units digit of l?
7
Let w(n) = -n**3 - 9*n**2 + 21*n - 9. Let h be w(-11). What is the tens digit of (14/(-105)*-222)/(h/10)?
4
Let q = -313 - -8989. What is the hundreds digit of q?
6
Suppose 4*x - 3*k + 6*k = 9106, -6*x + 5*k + 13716 = 0. What is the thousands digit of x?
2
Suppose -2*y + 58 = 4*h - 0*y, -5*h = 2*y - 75. Let v(l) = 19*l + 46. Let w be v(11). Suppose -20*n + w = -h*n. What is the tens digit of n?
8
Let k = 72244 - 18343. What is the tens digit of k?
0
Let r be -18*(1 + (-15)/10). Suppose 6*m = -r - 1017. Let n = 302 + m. What is the units digit of n?
1
Let y be 1*(35/(-7) - 6). Let p(l) = l**3 + 17*l**2 - 11*l + 32. What is the units digit of p(y)?
9
Let d be (-2 - -1)/(-1 - 9665/(-9670)). Suppose 2*r + f - 3*f = d, -4*r + 2*f = -3860. What is the tens digit of 6/(-9)*r/(-6)?
0
Suppose -72*k + 2761834 = -194213 - 34833. What is the thousands digit of k?
1
Let a(l) = 3*l**2 + 4*l - 17. Let z be a(10). Suppose -643 - z = -7*f. Suppose t = 8*g - 3*g + 54, -3*t = -3*g - f. What is the units digit of t?
4
Let r be (0/(-2) - -2) + 0. Suppose 0 = -5*u + 10*u + 3*b - 654, -r*b = -3*u + 381. What is the units digit of u?
9
Let d be 6/(-45)*35*(7 + -1). What is the hundreds digit of (-25212)/d - 3/7?
9
Let z(x) = -790*x - 3372. What is the hundreds digit of z(-20)?
4
Suppose 38*r + 271172 = 60*r. What is the units digit of r?
6
Suppose -6*k + 18 = -18. Suppose 2*y = -k*y + 168. Let c = 107 + y. What is the units digit of c?
8
Suppose -30 = -5*c - 3*n, 19 = c - n + 5. Suppose 12*p - 12 = c*p. Suppose 2*k - 545 = -3*i + 146, -p*k = 3*i - 683. What is the units digit of i?
3
Suppose -1509*u + 18613 = -1488*u - 57176. What is the tens digit of u?
0
Let p = 34 + -32. Suppose -p*b = 51 - 91. Let f = b - -89. What is the hundreds digit of f?
1
Let b(z) = 873*z**2 + 6*z + 7. Let m(s) = -57*s + 455. Let x be m(8). What is the units digit of b(x)?
4
Let f(c) = -3*c - 52. Let b(n) = 2*n + 26. Let m(w) = -7*b(w) - 3*f(w). Let s be m(-5). What is the units digit of (0 - s)*98/7?
4
What is the thousands digit of 390679/(-206)*5/((-15)/6)?
3
Suppose -5*d = -3*n - 22649 - 229918, n + 4 = 0. What is the tens digit of d?
1
Let z be 1/((-2)/12)*1*3. Let o be (-1128)/z + 3/9. Suppose v + 3*v = 2*f - 20, -3*v + o = 5*f. What is the tens digit of f?
1
Suppose 336*a - 331*a = -5*k + 123015, 5*k = a - 24645. What is the tens digit of a?
1
Let s(a) = -2*a - 54. Let m be s(-22). Let y be 107/5 - 6/m. Let d = 36 + y. What is the tens digit of d?
5
Let c = 3 - -17. Let h(f) = f**3 + 8*f**2 - 17*f + 28. Let i be h(-10). What is the tens digit of 4/(c/(-375))*i/3?
5
What is the ten thousands digit of 0/(-2) - (51/9 + -6)*36507?
1
Let m(l) = -9*l - 12. Let f(j) = -j**3 + 7*j**2 - 4*j + 3. Let w be f(6). Let n = w - 21. What is the units digit of m(n)?
2
Let v(b) = -394*b - 2. What is the tens digit of v(-14)?
1
Suppose -68*j = 85*j - 2723094. What is the thousands digit of j?
7
Let i(t) = -6*t - 91. Let d(x) = -12*x - 196. Let u(a) = 6*d(a) - 13*i(a). Let r = -17 - -25. What is the units digit of u(r)?
5
Let l = -4812 - -23030. What is the units digit of l?
8
What is the ten thousands digit of (-3 - (284922/(-90) + 1/(-5)))*13?
4
Suppose 5*o = -0*o + 45. Suppose 0 = -o*g + 15*g - 990. Let q = g + -87. What is the tens digit of q?
7
Let u(d) = d**3 + 9*d**2 + 15*d + 17. Let y be u(-11). Suppose 0 = 3*q - 8*q - 980. Let c = q - y. What is the hundreds digit of c?
1
Let w = 6049 + 1083. What is the tens digit of w?
3
What is the ten thousands digit of ((-2)/4 - (-8 + 8)) + 1836021/82?
2
Let m(q) = 14*q - 106. Let n be m(7). Let b(h) = -7*h + 63. What is the tens digit of b(n)?
1
Suppose 0 = x + 6*x - 42. Let d(s) = -s**2 + 9*s - 15. Let t be d(x). Suppose -5*a = -20, -t*a + 125 = b - 2*a. What is the hundreds digit of b?
1
Let j be -1*(-12)/4 - -2. Suppose -2*u + 0 = 8, 2*u - 1727 = -j*f. What is the tens digit of f?
4
Let i(b) = 47*b**3 - 4*b**2 - 7*b + 13. What is the ten thousands digit of i(7)?
1
Suppose -f + 69631 = -t + 10237, -237608 = -4*f - 4*t. What is the thousands digit of f?
9
Suppose 14*z + 108 = 18*z. Suppose 10*h = 337 - z. What is the tens digit of h?
3
Let l(z) be the third derivative of z**5/12 - z**4/24 - z**3/6 - 24*z**2. Let o be l(-2). Suppose 2*g = 83 + o. What is the tens digit of g?
5
Suppose 4*g = 5*x - 65, 4*x - 108 = 4*g - 44. What is the units digit of (96/10)/(g/(-450))?
8
Let q(c) = -c**2 + 7*c - 6. Suppose -4*h = -47 + 35. Let d be q(h). What is the units digit of 25/(-75) - 1/(d/(-1262))?
0
Suppose -17*n = -16*n - 52. Suppose 49*t - 72 = n*t. Let x = t - -41. What is the tens digit of x?
1
Let h(j) = -168*j - 216. Let a be ((-9)/(-5))/(18/(-90)). What is the hundreds digit of h(a)?
2
Suppose -5*j - 25 = -2*t, -t - j = -2*j - 11. Let u be ((-1625)/t)/((-7)/4 - -2). What is the tens digit of -6 + 46/8 + u/(-8)?
8
Let p be -1 + (6 - 5)*2661. Suppose -15*q = -p - 340. Suppose -3*g + 4*k - 303 = -888, 0 = -g + 3*k + q. What is the tens digit of g?
9
Let s = 7883 + -3853. Suppose -t - s = -6*t. What is the units digit of t?
6
Let j = -64 - -64. Suppose j = -38*h + 36*h + 16. Let x = 54 - h. What is the tens digit of x?
4
Suppose 3*f + 86362 = -204*v + 209*v, 5*f - 51858 = -3*v. What is the tens digit of v?
7
Suppose 60*h - 310142 = 65*h - 2*q, -3*h + 3*q - 186078 = 0. What is the units digit of 28/21 - h/30?
9
Suppose -11004923 - 4311637 = -352*x + 82*x. What is the hundreds digit of x?
7
Suppose 3*h + 16754 = 18*h - 27646. What is the thousands digit of h?
2
Suppose 2*q + 3 = -2*l - 5, -3*q + l = -4. Suppose -5*i - 2*d + 166306 = q, -166291 = -5*i - 3*d + 6*d. What is the hundreds digit of (i/(-44))/(-5) + 2/(-11)?
1
Suppose -6*x = -15*x + 36. Suppose -4*i + 344 = x*t, -3*t - i + 251 = -5*i. What is the units digit of t?
5
Let x(c) = -17*c**3 - 38*c**2 + 4*c - 33. Let i(w) = -6*w**3 - 13*w**2 + w - 11. Let j(s) = -11*i(s) + 4*x(s). What is the hundreds digit of j(-11)?
5
Suppose -7*m = 4*m - 33. Suppose 40 = 4*l - a - 145, -4*a = -m*l + 142. What is the units digit of ((-6)/4)/(1*(-1)/l)?
9
Suppose -2*z = 2*v - 5*v - 28876, 5*v = z - 14410. What is the units digit of z?
0
Let s(t) be the second derivative of -4*t**3 + 75*t**2/2 - 16*t. Let f be s(9). Let a = 317 + f. What is the hundreds digit of a?
1
Suppose -o + 6*o - 26 = -q, 0 = -3*o - 3*q + 18. Suppose -v - t + 44 = -106, -v = -o*t - 132. What is the units digit of v?
7
Suppose 25*d - 1858 = -108. Let i be (-139)/4 - 2/8. Let j = d + i. What is the tens digit of j?
3
Suppose 154625 = 4*k + g - 163303, -8*k - g + 635856 = 0. What is the units digit of k?
2
Let z(t) = 856*t - 374. What is the hundreds digit of z(9)?
3
Let i(d) = 5956*d + 811. What is the tens digit of i(6)?
4
Suppose 4*j = -16 - 0. Let b be 1/(-4)*j*-9. Let h(g) = g**2 + g + 12. What is the units digit of h(b)?
4
Suppose -23156 = -6*w + 2*w - 2*o, -5*o = 5*w - 28945. Suppose r + 6*r = w. What is the units digit of r?
7
Let j be (-4 + 4 - -8) + -5. Suppose -j*d + 1432 = -644. Suppose 7*i - d = -4*a + 9*i, -i = 4*a - 686. What is the units digit of a?
2
What is the tens digit of (-2)/(-1)*((-3999168)/(-128) + 31)?
4
Suppose -177572 = -11*g - 37388. Suppose 125*n - g = 116*n. What is the units digit of n?
6
Let c be (1 + 3)*(-519088)/(-64). Suppose 0 = -25*b + c + 6582. What is the hundreds digit of b?
5
Suppose 567954 = 7*d + 8*d + 188829. What is the units digit of d?
5
Let j = 89574 + -53371. What is the ten thousands digit of j?
3
Let h(a) = -a**2 + 15*a + 2. Let y be h(15). Suppose -5 = -y*b + 3. What is the units digit of (1 - 177/6)*b/(-3)?
8
Let u(i) = -158*i + 233. Let l(f) = 161*f - 231. Let k(o) = 2*l(o) + 3*u(o). What is the hundreds digit of k(-4)?
8
Suppose 101*v - 15 = 98*v. Suppose 0 = v*z + 58 - 78. What is the units digit of 